{"id":1614,"date":"2014-11-02T10:01:03","date_gmt":"2014-11-02T09:01:03","guid":{"rendered":"http:\/\/blogs.radiopopolare.it\/onderoad\/?page_id=1614"},"modified":"2018-06-18T13:45:43","modified_gmt":"2018-06-18T12:45:43","slug":"istanbul","status":"publish","type":"page","link":"https:\/\/onderoad.radiopopolare.it\/?page_id=1614","title":{"rendered":"A Instanbul con Radio Popolare, 2 novembre 2014"},"content":{"rendered":"<p>I baklava dolci e sensuali amati dai sultani. Le variazioni sul tema delle spezie, del miele e dei pistacchi. Il rito del kebab e quello del raki. La cucina turca \u00e8 un autentico eden per gusto, vista e olfatto. Un poderoso mix multietnico fatto di tradizioni curde, circasse, armene, mongole, uigure, osmane, georgiane: un cross-over di sapori che mette in tavola le culture ottomane, araba, europea. Come in un laboratorio di frontiera. Qui indichiamo qualche indirizzo che pu\u00f2 aiutare a non annegare in questo mare di proposte.<\/p>\n<p><strong>Hamdi<\/strong>. <em>Kal\u00e7in Sokak 17<\/em>. Tel. (212) 528 0390. <a href=\"http:\/\/www.hamdirestorant.com.tr\">www.hamdirestorant.com.tr<\/a> Lo si trova facilmente: \u00e8 vicino alla Yeni Camii, la moschea nuova di fronte al porto di Eminonu. E&#8217; il regno dei kebab: piatti a base di carne cotti sulla griglia dopo essere stati immersi in una marinata. Accompagnateli con una birra locale. Il ristorante \u00e8 su pi\u00f9 piani: fatevi dare un tavolo all&#8217;ultimo (opportuno prenotare). La vista \u00e8 strepitosa e il conto leggero (per raggiungere le 20 Euro bisogna impegnarsi).<\/p>\n<p><strong>Refik<\/strong>. <em>Sofyal\u0131 Sokak<\/em>, 7-10-12. T\u00fcnel \u2013 Beyo\u011flu. Tel. (212) 243 28. 34. <a href=\"http:\/\/www.refikrestaurant.com\">www.refikrestaurant.com<\/a> E&#8217; uno delle centinaia di ristoranti di Beyoglu, il quartiere delle meze: un tripudio di assaggi serviti in porzioni minuscole. Da sperimentare la tradizione del Meze-Rak\u0131-Bal\u0131k: una serie di antipasti freddi (formaggi, melone, melanzane arrosto, pur\u00e8 di peperoni con noci), di antipasti caldi (calamari, polipo, gamberetti) e una portata di pesce alla griglia (branzino, triglie, orate). Tassativo pasteggiare con del Raki, un distillato di viticcio (alcolico, ma non fermentato visto che il Corano vieta l&#8217;assunzione di bevande fermentate) a cui viene aggiunto il gusto intenso dell&#8217;anice e del fico. Conto tra le 25 e le 30 Euro, dipende del numero di meze e di bicchieri di raki. Ma ve la cavate con molto meno di 20 se vi accontentate delle meze.<\/p>\n<p><strong>Ciya<\/strong>. <em>Guneslibahce Sokak 43 \u2013 Kadikoy<\/em>. Tel. (216) 330 3190. <a href=\"http:\/\/www.ciya.com.tr\">www.ciya.com.tr<\/a>. E&#8217; nel lato asiatico della citt\u00e0, a Kadikoy: 15 minuti di traghetto da Eminonu (se ci andate di sera fate attenzione che l&#8217;ultimo battello per la sponda europea salpa alle 23.30). Assolutamente imperdibile, merita pi\u00f9 di una visita per la capacit\u00e0 dello chef Musa Da\u011fdeviren di riscoprire le ricette della tradizione anatolica e di usare solo ingredienti stagionali. Grande variet\u00e0 di meze: sono esposte, prendi un piatto e te lo carichi. Poi loro lo pesano e fanno il prezzo (per un piatto stracarico calcolare 5 Euro, e volendo \u00e8 gi\u00e0 un pranzo). Poi ci sono zuppe, gli stufati, le polpettine&#8230; E una serie infinita di dolci. Per il conto tenete presente che in base al rapporto prezzo\/qualit\u00e0 \u00e8 tra i migliori locali di Istanbul. N.B.L&#8217;alcol non \u00e8 contemplato e quindi pasteggiate con un bicchiere di ayran (yogurt, acqua e sale).<\/p>\n<p><strong>Marina<\/strong>. <em>Kuru Cesme Parki Arnavutkoy<\/em>. Tel. (212) 287 2653. <a href=\"http:\/\/www.marinabalik.com\">www.marinabalik.com<\/a>. Ristorante lungo la costa europea del Bosforo, poco dopo Ortakoy. Ottimo menu di pesce e, particolarmente la sera, strepitosa vista sul Bosforo (nel quale siete quasi&#8230; immersi) illuminato dalle navi che passano a pochi metri da voi. Una cena costa sule 35 Euro pi\u00f9 il vino, ma per una volta si pu\u00f2 fare.<\/p>\n<p><img loading=\"lazy\" decoding=\"async\" class=\"aligncenter wp-image-1616\" src=\"http:\/\/blogs.radiopopolare.it\/onderoad\/wp-content\/uploads\/2015\/05\/Artikelbild_Istanbul_Galat-Turm-800x530.jpg\" alt=\"Istanbul at sunset - Galata district, Turkey\" width=\"330\" height=\"219\" srcset=\"https:\/\/onderoad.radiopopolare.it\/wp-content\/uploads\/2015\/05\/Artikelbild_Istanbul_Galat-Turm-800x530.jpg 800w, https:\/\/onderoad.radiopopolare.it\/wp-content\/uploads\/2015\/05\/Artikelbild_Istanbul_Galat-Turm-574x380.jpg 574w, https:\/\/onderoad.radiopopolare.it\/wp-content\/uploads\/2015\/05\/Artikelbild_Istanbul_Galat-Turm.jpg 900w\" sizes=\"auto, (max-width: 330px) 100vw, 330px\" \/><\/p>\n<p>Ascolta il podcast: <\/p>\n","protected":false},"excerpt":{"rendered":"<p>I baklava dolci e sensuali amati dai sultani. Le variazioni sul tema delle spezie, del miele e dei pistacchi. Il rito del kebab e quello del raki. La cucina turca \u00e8 un autentico eden per gusto, vista e olfatto. Un poderoso mix multietnico fatto di tradizioni curde, circasse, armene, mongole, uigure, osmane, georgiane: un cross-over &hellip; <a href=\"https:\/\/onderoad.radiopopolare.it\/?page_id=1614\" class=\"more-link\">Continua a leggere <span class=\"screen-reader-text\">A Instanbul con Radio Popolare, 2 novembre 2014<\/span><\/a><\/p>\n","protected":false},"author":2,"featured_media":0,"parent":1504,"menu_order":0,"comment_status":"closed","ping_status":"closed","template":"","meta":{"ngg_post_thumbnail":0,"footnotes":""},"class_list":["post-1614","page","type-page","status-publish","hentry","without-featured-image"],"_links":{"self":[{"href":"https:\/\/onderoad.radiopopolare.it\/index.php?rest_route=\/wp\/v2\/pages\/1614","targetHints":{"allow":["GET"]}}],"collection":[{"href":"https:\/\/onderoad.radiopopolare.it\/index.php?rest_route=\/wp\/v2\/pages"}],"about":[{"href":"https:\/\/onderoad.radiopopolare.it\/index.php?rest_route=\/wp\/v2\/types\/page"}],"author":[{"embeddable":true,"href":"https:\/\/onderoad.radiopopolare.it\/index.php?rest_route=\/wp\/v2\/users\/2"}],"replies":[{"embeddable":true,"href":"https:\/\/onderoad.radiopopolare.it\/index.php?rest_route=%2Fwp%2Fv2%2Fcomments&post=1614"}],"version-history":[{"count":7,"href":"https:\/\/onderoad.radiopopolare.it\/index.php?rest_route=\/wp\/v2\/pages\/1614\/revisions"}],"predecessor-version":[{"id":3038,"href":"https:\/\/onderoad.radiopopolare.it\/index.php?rest_route=\/wp\/v2\/pages\/1614\/revisions\/3038"}],"up":[{"embeddable":true,"href":"https:\/\/onderoad.radiopopolare.it\/index.php?rest_route=\/wp\/v2\/pages\/1504"}],"wp:attachment":[{"href":"https:\/\/onderoad.radiopopolare.it\/index.php?rest_route=%2Fwp%2Fv2%2Fmedia&parent=1614"}],"curies":[{"name":"wp","href":"https:\/\/api.w.org\/{rel}","templated":true}]}}