{"id":1605,"date":"2012-11-18T10:00:49","date_gmt":"2012-11-18T09:00:49","guid":{"rendered":"http:\/\/blogs.radiopopolare.it\/onderoad\/?page_id=1605"},"modified":"2018-06-18T15:07:19","modified_gmt":"2018-06-18T14:07:19","slug":"andalusia","status":"publish","type":"page","link":"https:\/\/onderoad.radiopopolare.it\/?page_id=1605","title":{"rendered":"Andalusia, 18 novembre 2012"},"content":{"rendered":"<p><strong>Espacio <a href=\"http:\/\/www.metropolsevilla.com\">Metropol Parasol<\/a><\/strong>. Plaza de la Encarnaci\u00f3n, Siviglia.<br \/>\n<strong><a href=\"http:\/\/www.gastrosol.es\">GastroSol<\/a><\/strong>. Espacio Metropol Parasol. Plaza de la Encarnaci\u00f3n, Siviglia.<\/p>\n<p><strong><a href=\"http:\/\/www.pabellondelanavegacion.es\">Padiglione della Navigazione<\/a><\/strong>. Camino de los Descubrimientos, Siviglia. Tel : 954 043 111.<br \/>\n<strong>Archivi delle Indie<\/strong>. Avda. de la Constituci\u00f3n 3, Siviglia. Tel : 954 500 528.<br \/>\n<strong><a href=\"http:\/\/www.kayaksevilla.com\/\">Sevilla Kayak<\/a> Tour<\/strong>. Adiacenze del ponte del Cristo de la Inspiracion. Tel : 678 800 689.<\/p>\n<p><strong>Flamenco a Siviglia<\/strong>. La Carboneria (C\/. Lev\u00eces 18), \u00e8 un vecchio magazzino di carbone del Barrio Gotico dove il men\u00f9 propone ottime serate di sevillana (una danza popolare, parente prossima del fandango). Tra le pe\u00f1e flamenche la mia preferita \u00e8 quella del &#8220;<a href=\"http:\/\/www.tripadvisor.it\/Attraction_Review-g187443-d3655141-Reviews-Pena_Cultural_Flamenca_Fernando_del_Valle_Nino_de_la_Alfalfa-Seville_Province_of_.html\">ni\u00f1o de la Alfalfa<\/a>&#8221; (C\/. Castellar 52). Qui, in una piccola stanza dalle pareti tinteggiate di viola e bianco, potrete trovare sconosciute cantaore ungheresi o ballerine con gli occhi a mandorla. A \u201cEl Corralon de Artesanos\u201d (C\/. Castellar 48b-52) invece, al termine dei loro spettacoli, vengono a tirar l\u2019alba i nomi pi\u00f9 prestigiosi del flamenco sevillano. E\u2019 un locale informale, a met\u00e0 strada tra una pe\u00f1a e un centro sociale\u2026<\/p>\n<p><strong>Museo Julio Romero de Torres<\/strong>. Un museo di Cordoba dedicato all\u2019artista che incarna in s\u00e9 le due grandi passioni dei suoi concittadini: l\u2019arte e il flamenco. Quella che fu la sua abitazione, in Plaza del Potro, \u00e8 diventata il suo museo fin dal 1931 (tel. +34 957 491909. Ingresso 4,5\u20ac. Luned\u00ec chiuso)<\/p>\n<p><img loading=\"lazy\" decoding=\"async\" class=\"aligncenter wp-image-791\" src=\"http:\/\/blogs.radiopopolare.it\/onderoad\/wp-content\/uploads\/2011\/12\/016-300x194.jpg\" alt=\"Turisme Actiu\" width=\"321\" height=\"212\"><\/p>\n<h3>Ascolta il podcast: <\/h3>\n","protected":false},"excerpt":{"rendered":"<p>Espacio Metropol Parasol. Plaza de la Encarnaci\u00f3n, Siviglia. GastroSol. Espacio Metropol Parasol. Plaza de la Encarnaci\u00f3n, Siviglia. Padiglione della Navigazione. Camino de los Descubrimientos, Siviglia. Tel : 954 043 111. Archivi delle Indie. Avda. de la Constituci\u00f3n 3, Siviglia. Tel : 954 500 528. Sevilla Kayak Tour. Adiacenze del ponte del Cristo de la Inspiracion. &hellip; <a href=\"https:\/\/onderoad.radiopopolare.it\/?page_id=1605\" class=\"more-link\">Continua a leggere <span class=\"screen-reader-text\">Andalusia, 18 novembre 2012<\/span><\/a><\/p>\n","protected":false},"author":2,"featured_media":0,"parent":1504,"menu_order":0,"comment_status":"closed","ping_status":"closed","template":"","meta":{"ngg_post_thumbnail":0,"footnotes":""},"class_list":["post-1605","page","type-page","status-publish","hentry","without-featured-image"],"_links":{"self":[{"href":"https:\/\/onderoad.radiopopolare.it\/index.php?rest_route=\/wp\/v2\/pages\/1605","targetHints":{"allow":["GET"]}}],"collection":[{"href":"https:\/\/onderoad.radiopopolare.it\/index.php?rest_route=\/wp\/v2\/pages"}],"about":[{"href":"https:\/\/onderoad.radiopopolare.it\/index.php?rest_route=\/wp\/v2\/types\/page"}],"author":[{"embeddable":true,"href":"https:\/\/onderoad.radiopopolare.it\/index.php?rest_route=\/wp\/v2\/users\/2"}],"replies":[{"embeddable":true,"href":"https:\/\/onderoad.radiopopolare.it\/index.php?rest_route=%2Fwp%2Fv2%2Fcomments&post=1605"}],"version-history":[{"count":6,"href":"https:\/\/onderoad.radiopopolare.it\/index.php?rest_route=\/wp\/v2\/pages\/1605\/revisions"}],"predecessor-version":[{"id":3042,"href":"https:\/\/onderoad.radiopopolare.it\/index.php?rest_route=\/wp\/v2\/pages\/1605\/revisions\/3042"}],"up":[{"embeddable":true,"href":"https:\/\/onderoad.radiopopolare.it\/index.php?rest_route=\/wp\/v2\/pages\/1504"}],"wp:attachment":[{"href":"https:\/\/onderoad.radiopopolare.it\/index.php?rest_route=%2Fwp%2Fv2%2Fmedia&parent=1605"}],"curies":[{"name":"wp","href":"https:\/\/api.w.org\/{rel}","templated":true}]}}

<p><strong>Espacio <a href="http://www.metropolsevilla.com">Metropol Parasol</a></strong>. Plaza de la Encarnación, Siviglia.<br />
<strong><a href="http://www.gastrosol.es">GastroSol</a></strong>. Espacio Metropol Parasol. Plaza de la Encarnación, Siviglia.</p>
<p><strong><a href="http://www.pabellondelanavegacion.es">Padiglione della Navigazione</a></strong>. Camino de los Descubrimientos, Siviglia. Tel : 954 043 111.<br />
<strong>Archivi delle Indie</strong>. Avda. de la Constitución 3, Siviglia. Tel : 954 500 528.<br />
<strong><a href="http://www.kayaksevilla.com/">Sevilla Kayak</a> Tour</strong>. Adiacenze del ponte del Cristo de la Inspiracion. Tel : 678 800 689.</p>
<p><strong>Flamenco a Siviglia</strong>. La Carboneria (C/. Levìes 18), è un vecchio magazzino di carbone del Barrio Gotico dove il menù propone ottime serate di sevillana (una danza popolare, parente prossima del fandango). Tra le peñe flamenche la mia preferita è quella del &#8220;<a href="http://www.tripadvisor.it/Attraction_Review-g187443-d3655141-Reviews-Pena_Cultural_Flamenca_Fernando_del_Valle_Nino_de_la_Alfalfa-Seville_Province_of_.html">niño de la Alfalfa</a>&#8221; (C/. Castellar 52). Qui, in una piccola stanza dalle pareti tinteggiate di viola e bianco, potrete trovare sconosciute cantaore ungheresi o ballerine con gli occhi a mandorla. A “El Corralon de Artesanos” (C/. Castellar 48b-52) invece, al termine dei loro spettacoli, vengono a tirar l’alba i nomi più prestigiosi del flamenco sevillano. E’ un locale informale, a metà strada tra una peña e un centro sociale…</p>
<p><strong>Museo Julio Romero de Torres</strong>. Un museo di Cordoba dedicato all’artista che incarna in sé le due grandi passioni dei suoi concittadini: l’arte e il flamenco. Quella che fu la sua abitazione, in Plaza del Potro, è diventata il suo museo fin dal 1931 (tel. +34 957 491909. Ingresso 4,5€. Lunedì chiuso)</p>
<p><img loading="lazy" decoding="async" class="aligncenter wp-image-791" src="http://blogs.radiopopolare.it/onderoad/wp-content/uploads/2011/12/016-300x194.jpg" alt="Turisme Actiu" width="321" height="212"></p>
<h3>Ascolta il podcast: </h3>

<p>Espacio Metropol Parasol. Plaza de la Encarnación, Siviglia. GastroSol. Espacio Metropol Parasol. Plaza de la Encarnación, Siviglia. Padiglione della Navigazione. Camino de los Descubrimientos, Siviglia. Tel : 954 043 111. Archivi delle Indie. Avda. de la Constitución 3, Siviglia. Tel : 954 500 528. Sevilla Kayak Tour. Adiacenze del ponte del Cristo de la Inspiracion. &hellip; <a href="https://onderoad.radiopopolare.it/?page_id=1605" class="more-link">Continua a leggere <span class="screen-reader-text">Andalusia, 18 novembre 2012</span></a></p>
